{"id":177,"date":"2025-01-14T14:49:21","date_gmt":"2025-01-14T13:49:21","guid":{"rendered":"https:\/\/booster-bureaux-labos.com\/?page_id=177"},"modified":"2025-01-20T11:13:48","modified_gmt":"2025-01-20T10:13:48","slug":"politique-de-confidentialite-et-de-protection-des-donnees-personnelles","status":"publish","type":"page","link":"https:\/\/booster-bureaux-labos.com\/index.php\/politique-de-confidentialite-et-de-protection-des-donnees-personnelles\/","title":{"rendered":"Politique de confidentialit\u00e9 et de protection des donn\u00e9es personnelles"},"content":{"rendered":"\n<div style=\"height:46px\" aria-hidden=\"true\" class=\"wp-block-spacer\"><\/div>\n\n\n\n<p>Mise \u00e0 jour le 17 janvier 2025<\/p>\n\n\n\n<h2 class=\"wp-block-heading\">Table des mati\u00e8res<\/h2>\n\n\n\n<p><a href=\"#_Toc126597364\">Quelles sont les Donn\u00e9es Personnelles collect\u00e9es et trait\u00e9es par EM2C&nbsp;?. 5<\/a><\/p>\n\n\n\n<p><a href=\"#_Toc126597365\">Quelles sont les finalit\u00e9s et les bases l\u00e9gales des traitements des Donn\u00e9es personnelles&nbsp;? Pour quelles dur\u00e9es les Donn\u00e9es Personnelles sont-elles conserv\u00e9es&nbsp;?. 5<\/a><\/p>\n\n\n\n<p><a href=\"#_Toc126597366\">Les Donn\u00e9es Personnelles sont-elles communiqu\u00e9es \u00e0 des tiers&nbsp;?. 6<\/a><\/p>\n\n\n\n<p><a href=\"#_Toc126597367\">Les Donn\u00e9es Personnelles sont-elles transf\u00e9r\u00e9es en dehors de l\u2019Union europ\u00e9enne&nbsp;?. 6<\/a><\/p>\n\n\n\n<p><a href=\"#_Toc126597368\">Quels sont vos droits&nbsp;?. 6<\/a><\/p>\n\n\n\n<p>EM2C GROUPE, soci\u00e9t\u00e9 par actions simplifi\u00e9e (SAS), immatricul\u00e9e au registre du commerce et des soci\u00e9t\u00e9s de Lyon sous le n\u00b0438 355 398 et dont le si\u00e8ge social est sis 14, Chemin de la plaine, 69390 Vourles (France) (ci-apr\u00e8s \u00ab&nbsp;<strong>EM2C<\/strong>&nbsp;\u00bb) \u00e9dite le site internet <a href=\"https:\/\/www.booster-bureaux-labos.com\">https:\/\/www.booster-bureaux-labos.com<\/a><strong> <\/strong>ci-apr\u00e8s \u00ab&nbsp;<strong>Site<\/strong>&nbsp;\u00bb).<\/p>\n\n\n\n<p>Lorsque vous&nbsp;:<\/p>\n\n\n\n<ul class=\"wp-block-list\">\n<li>Acc\u00e9dez et utilisez le Site <a href=\"https:\/\/www.booster-bureaux-labos.com\">https:\/\/www.booster-bureaux-labos.com<\/a>&nbsp;;<\/li>\n\n\n\n<li>Formulez une demande de contact sur le Site <a href=\"https:\/\/www.booster-bureaux-labos.com\">https:\/\/www.booster-bureaux-labos.com<\/a> ;<\/li>\n<\/ul>\n\n\n\n<p>vous acceptez de nous confier certaines donn\u00e9es et informations, parmi lesquelles des donn\u00e9es permettant de vous identifier ou de vous rendre identifiable lesquelles constituent des \u00ab&nbsp;Donn\u00e9es Personnelles&nbsp;\u00bb.<\/p>\n\n\n\n<p>EM2C est le \u00ab Responsable de traitement \u00bb des Donn\u00e9es personnelles collect\u00e9es et trait\u00e9es sur le Site.<\/p>\n\n\n\n<p>En cette qualit\u00e9, nous nous engageons \u00e0 assurer la protection, la s\u00e9curit\u00e9 et la confidentialit\u00e9 des Donn\u00e9es Personnelles trait\u00e9es conform\u00e9ment \u00e0 la loi fran\u00e7aise, notamment \u00e0 la loi n\u00b0 78-17 du 6 janvier 1978 modifi\u00e9e relative \u00e0 l\u2019informatique, aux fichiers et aux libert\u00e9s, modifi\u00e9e (dite Loi Informatique et Libert\u00e9s), ainsi qu\u2019au r\u00e8glement UE 2016\/679 du Parlement europ\u00e9en et du Conseil du&nbsp;27 avril 2016&nbsp;relatif \u00e0 la protection des personnes physiques \u00e0 l&#8217;\u00e9gard du traitement des donn\u00e9es \u00e0 caract\u00e8re personnel et \u00e0 la libre circulation de ces donn\u00e9es (ci-apr\u00e8s \u00ab&nbsp;<strong>RGPD&nbsp;<\/strong>\u00bb).<\/p>\n\n\n\n<p>EM2C met en \u0153uvre des mesures de s\u00e9curit\u00e9 conformes aux normes de notre secteur pour prot\u00e9ger les Donn\u00e9es personnelles contre toute divulgation non autoris\u00e9e. En outre, afin d&#8217;\u00e9viter tout acc\u00e8s non autoris\u00e9 et de garantir l&#8217;exactitude et la bonne utilisation des Donn\u00e9es personnelles, EM2C a mis en \u0153uvre des mesures \u00e9lectroniques, techniques et organisationnelles appropri\u00e9es pour sauvegarder et pr\u00e9server les Donn\u00e9es personnelles collect\u00e9es par le biais de ses services.<\/p>\n\n\n\n<p>La pr\u00e9sente Politique de confidentialit\u00e9 et de protection des Donn\u00e9es Personnelles a pour objet de d\u00e9crire la mani\u00e8re dont EM2C traite les Donn\u00e9es Personnelles dans le cadre de votre utilisation du Site et de vous informer de vos droits \u00e0 cet \u00e9gard.<\/p>\n\n\n\n<p>La Politique en vigueur de EM2C est celle accessible sur le Site \u00e0 la date de votre connexion sur le Site. Elle peut \u00eatre modifi\u00e9e \u00e0 tout moment par EM2C aux fins notamment de mise \u00e0 jour, ou en fonction des \u00e9volutions de la r\u00e9glementation en vigueur.<\/p>\n\n\n\n<p>Pour toute question sur la Politique et d\u2019une mani\u00e8re g\u00e9n\u00e9rale, sur la collecte et le traitement de vos informations personnelles par EM2C, n\u2019h\u00e9sitez pas \u00e0 nous contacter via l\u2019adresse e-mail suivante : <a href=\"mailto:rgpd@em2c.com\">rgpd@em2c.com<\/a>.<\/p>\n\n\n\n<h2 class=\"wp-block-heading\">Quelles sont les Donn\u00e9es Personnelles collect\u00e9es et trait\u00e9es par EM2C&nbsp;?<\/h2>\n\n\n\n<p>Les Donn\u00e9es Personnelles que EM2C collecte et traite sont celles que vous nous communiqu\u00e9es et peuvent inclure notamment&nbsp;:<\/p>\n\n\n\n<ul class=\"wp-block-list\">\n<li>Des donn\u00e9es relatives \u00e0 votre identit\u00e9 (nom, pr\u00e9nom, num\u00e9ro de t\u00e9l\u00e9phone, adresse mail, adresse postale)&nbsp;;<\/li>\n\n\n\n<li>Des donn\u00e9es relatives \u00e0 votre formation et \u00e0 votre situation professionnelle (parcours de formation, dipl\u00f4mes, profession, exp\u00e9rience professionnelle, curriculum vitae, lettre de motivation, etc.).<\/li>\n<\/ul>\n\n\n\n<h2 class=\"wp-block-heading\">Quelles sont les finalit\u00e9s et les bases l\u00e9gales des traitements de Donn\u00e9es personnelles&nbsp;? Pour quelles dur\u00e9es les Donn\u00e9es Personnelles sont-elles conserv\u00e9es&nbsp;?<\/h2>\n\n\n\n<p>EM2C ne collecte vos Donn\u00e9es Personnelles que pour des finalit\u00e9s d\u00e9termin\u00e9es, explicites et l\u00e9gitimes.<\/p>\n\n\n\n<p>Chaque traitement de Donn\u00e9es Personnelles par EM2C est fond\u00e9 sur l\u2019une des bases l\u00e9gales pr\u00e9vues par le RGPD.<\/p>\n\n\n\n<p>Afin de vous garantir une parfaite transparence s\u2019agissant des finalit\u00e9s, bases l\u00e9gales des traitements et dur\u00e9es de conservation appliqu\u00e9es au sein de EM2C, vous trouverez ci-dessous un tableau explicatif dans lequel sont \u00e9galement mentionn\u00e9es les dur\u00e9es de conservation applicables&nbsp;:<\/p>\n\n\n\n<figure class=\"wp-block-table\"><table class=\"has-fixed-layout\"><tbody><tr><td><strong>Finalit\u00e9(s) du traitement<\/strong><strong><\/strong><\/td><td><strong>Base(s) l\u00e9gale(s) applicable(s)<\/strong><strong><\/strong><\/td><td><strong>Dur\u00e9e(s) de conservation<\/strong><strong><\/strong><\/td><\/tr><tr><td><strong>R\u00e9ponse \u00e0 vos demandes de contact et\/ou de devis<\/strong><\/td><td>Le traitement est fond\u00e9 sur le consentement de la personne concern\u00e9e (article 6.1.a) du RGPD).<\/td><td>Les Donn\u00e9es Personnelles sont conserv\u00e9es pour une dur\u00e9e de 36 mois \u00e0 compter de leur collecte par EM2C ou du dernier contact \u00e9manant de la personne concern\u00e9e.<\/td><\/tr><\/tbody><\/table><\/figure>\n\n\n\n<h2 class=\"wp-block-heading\">Les Donn\u00e9es Personnelles sont-elles communiqu\u00e9es \u00e0 des tiers&nbsp;?<\/h2>\n\n\n\n<p>EM2C s\u2019engage \u00e0 limiter l\u2019acc\u00e8s \u00e0 vos Donn\u00e9es Personnelles aux seules personnes qui ont besoin de les utiliser, \u00e0 savoir :<\/p>\n\n\n\n<p>\u2022 Les collaborateurs de EM2C et des filiales du groupe&nbsp;;<\/p>\n\n\n\n<p>\u2022 Les sous-traitants de EM2C.<\/p>\n\n\n\n<p>EM2C ne divulgue jamais les Donn\u00e9es Personnelles \u00e0 des tiers, sauf : (1) en cas de r\u00e9quisition judiciaire ; (2) si la divulgation est n\u00e9cessaire pour respecter des obligations contractuelles, l\u00e9gales et\/ou r\u00e9glementaires ; (3) si vous en demandez ou en autorisez la divulgation.<\/p>\n\n\n\n<h2 class=\"wp-block-heading\">Les Donn\u00e9es Personnelles sont-elles transf\u00e9r\u00e9es en dehors de l\u2019Union europ\u00e9enne&nbsp;?<\/h2>\n\n\n\n<p>Si EM2C transf\u00e8re vos Donn\u00e9es Personnelles en dehors de l\u2019Union Europ\u00e9enne, EM2C s\u2019engage \u00e0 prendre toutes les garanties n\u00e9cessaires pour prot\u00e9ger vos Donn\u00e9es Personnelles et avoir l\u2019assurance de traitements conformes au RGPD, notamment par l\u2019interm\u00e9diaire des Clauses Contractuelles Types de la Commission Europ\u00e9enne de juin 2021.<\/p>\n\n\n\n<h2 class=\"wp-block-heading\">Quels sont vos droits&nbsp;?<\/h2>\n\n\n\n<p>Vous disposez de droits sur vos Donn\u00e9es Personnelles, et en particulier :<\/p>\n\n\n\n<ul class=\"wp-block-list\">\n<li>Un droit d\u2019acc\u00e8s&nbsp;: vous pouvez demander \u00e0 acc\u00e9der aux Donn\u00e9es Personnelles vous concernant et en demander la communication ;<\/li>\n\n\n\n<li>Un droit de rectification et d\u2019effacement&nbsp;: vous pouvez demander la rectification, la mise \u00e0 jour ou l\u2019effacement de tout ou partie des donn\u00e9es vous concernant ;<\/li>\n\n\n\n<li>Un droit d\u2019opposition : vous pouvez vous opposer au traitement de vos Donn\u00e9es Personnelles, sous r\u00e9serve de l\u2019obligation l\u00e9gale ou contractuelle de EM2C de proc\u00e9der audit traitement pour ex\u00e9cuter ses obligations l\u00e9gales et contractuelles&nbsp;;<\/li>\n\n\n\n<li>Un droit de suppression&nbsp;: vous pouvez demander la suppression des Donn\u00e9es Personnelles dans la mesure o\u00f9 elles ne sont plus n\u00e9cessaires pour la finalit\u00e9 pour laquelle nous aurions pu avoir besoin de les traiter ;<\/li>\n\n\n\n<li>Un droit de limitation du traitement : ce qui implique que, dans certains cas, vous pouvez nous demander de suspendre momentan\u00e9ment le traitement des donn\u00e9es&nbsp;;<\/li>\n\n\n\n<li>Un droit de portabilit\u00e9&nbsp;: vous pouvez nous demander de vous fournir les Donn\u00e9es Personnelles vous concernant dans un format structur\u00e9, d\u2019utilisation courante et lisible par une machine, afin de pouvoir les transmettre \u00e0 un tiers, ou nous demander de les transmettre directement \u00e0 ce tiers&nbsp;;<\/li>\n\n\n\n<li>Vous pouvez nous transmettre des directives concernant la conservation, l\u2019effacement ou la communication de vos Donn\u00e9es Personnelles apr\u00e8s votre d\u00e9c\u00e8s.<\/li>\n<\/ul>\n\n\n\n<p>Vous pouvez exercer ces droits \u00e0 tout moment selon deux modalit\u00e9s au choix :<\/p>\n\n\n\n<ul class=\"wp-block-list\">\n<li>Par e-mail \u00e0 : <a href=\"mailto:rgpd@em2c.com\">rgpd@em2c.com<\/a>&nbsp;;\n<ul class=\"wp-block-list\">\n<li>Par courrier postal \u00e0 : EM2C GROUPE, A l\u2019attention de la Direction Juridique, 14 Chemin de la plaine, 69390 Vourles, France.<\/li>\n<\/ul>\n<\/li>\n<\/ul>\n\n\n\n<p>Votre demande sera trait\u00e9e dans un d\u00e9lai maximum de 1 mois, le cas \u00e9ch\u00e9ant renouvelable pour la m\u00eame dur\u00e9e. EM2C se r\u00e9serve le droit de vous demander une copie d\u2019un justificatif d\u2019identit\u00e9 pour v\u00e9rifier votre int\u00e9r\u00eat personnel \u00e0 exercer vos droits, sauf si votre identit\u00e9 est suffisamment \u00e9tablie ; cette copie ne sera conserv\u00e9e qu\u2019\u00e0 cette fin et pour la dur\u00e9e de traitement de votre demande uniquement.<\/p>\n\n\n\n<div style=\"height:26px\" aria-hidden=\"true\" class=\"wp-block-spacer\"><\/div>\n\n\n\n<h3 class=\"wp-block-heading\"><strong>Utilisation de Matomo Analytics<\/strong><\/h3>\n\n\n\n<p>Nous utilisons Matomo Analytics, un outil d\u2019analyse web respectueux de la vie priv\u00e9e, pour mieux comprendre l\u2019utilisation de notre site et am\u00e9liorer votre exp\u00e9rience utilisateur. Matomo collecte des donn\u00e9es anonymis\u00e9es, sans recours \u00e0 des cookies tiers, et les informations collect\u00e9es sont h\u00e9berg\u00e9es sur des serveurs s\u00e9curis\u00e9s. Vous avez toutefois la possibilit\u00e9 de refuser cette collecte en activant l\u2019option \u00ab Do Not Track \u00bb dans les param\u00e8tres de votre navigateur ou en configurant vos pr\u00e9f\u00e9rences directement via notre gestionnaire de consentement. Votre confidentialit\u00e9 est notre priorit\u00e9, et aucune donn\u00e9e personnelle n\u2019est partag\u00e9e avec des tiers.<\/p>\n\n\n<p id=\"matomo_opted_out_intro\" style=\"display:none;\">Opt-out complete; your visits to this website will not be recorded by the Web Analytics tool. Note that if you clear your cookies, delete the opt-out cookie, or if you change computers or Web browsers, you will need to perform the opt-out procedure again.<\/p><p id=\"matomo_opted_in_intro\" >You may choose to prevent this website from aggregating and analyzing the actions you take here. Doing so will protect your privacy, but will also prevent the owner from learning from your actions and creating a better experience for you and other users.<\/p><form>\n        <input type=\"checkbox\" id=\"matomo_optout_checkbox\" checked=\"checked\"\/>\n        <label for=\"matomo_optout_checkbox\"><strong>\n        <span id=\"matomo_opted_in_label\" >You are not opted out. Uncheck this box to opt-out.<\/span>\n\t\t<span id=\"matomo_opted_out_label\" style=\"display:none;\">You are currently opted out. Check this box to opt-in.<\/span>\n        <\/strong><\/label><\/form><noscript><p><strong style=\"color: #ff0000;\">This opt out feature requires JavaScript.<\/strong><\/p><\/noscript><p id=\"matomo_outout_err_cookies\" style=\"display: none;\"><strong>The tracking opt-out feature requires cookies to be enabled.<\/strong><\/p>\n\n\n\n<div style=\"height:100px\" aria-hidden=\"true\" class=\"wp-block-spacer\"><\/div>\n\n\n\n<p>Si vous consid\u00e9rez que EM2C ne respecte pas ses obligations en mati\u00e8re de protection des Donn\u00e9es Personnelles ou ne r\u00e9pond pas \u00e0 vos demandes de mani\u00e8re satisfaisante, vous pouvez saisir la Commission Nationale de l\u2019Informatique et des Libert\u00e9s (CNIL) via son site internet (www.cnil.fr) ou par courrier postal&nbsp;: CNIL, Service des Plaintes, 3 place de Fontenoy, TSA 80715, 75334 Paris Cedex.<\/p>\n","protected":false},"excerpt":{"rendered":"<p>Mise \u00e0 jour le 17 janvier 2025 Table des mati\u00e8res Quelles sont les Donn\u00e9es Personnelles collect\u00e9es et trait\u00e9es par EM2C&nbsp;?. 5 Quelles sont les finalit\u00e9s et les bases l\u00e9gales des traitements des Donn\u00e9es personnelles&nbsp;? Pour quelles dur\u00e9es les Donn\u00e9es Personnelles sont-elles conserv\u00e9es&nbsp;?. 5 Les Donn\u00e9es Personnelles sont-elles communiqu\u00e9es \u00e0 des tiers&nbsp;?. 6 Les Donn\u00e9es Personnelles &hellip; <\/p>\n<p class=\"link-more\"><a href=\"https:\/\/booster-bureaux-labos.com\/index.php\/politique-de-confidentialite-et-de-protection-des-donnees-personnelles\/\" class=\"more-link\">Read more<span class=\"screen-reader-text\"> &#8220;Politique de confidentialit\u00e9 et de protection des donn\u00e9es personnelles&#8221;<\/span><\/a><\/p>\n","protected":false},"author":1,"featured_media":0,"parent":0,"menu_order":0,"comment_status":"closed","ping_status":"closed","template":"","meta":{"footnotes":""},"class_list":["post-177","page","type-page","status-publish","hentry"],"_links":{"self":[{"href":"https:\/\/booster-bureaux-labos.com\/index.php\/wp-json\/wp\/v2\/pages\/177","targetHints":{"allow":["GET"]}}],"collection":[{"href":"https:\/\/booster-bureaux-labos.com\/index.php\/wp-json\/wp\/v2\/pages"}],"about":[{"href":"https:\/\/booster-bureaux-labos.com\/index.php\/wp-json\/wp\/v2\/types\/page"}],"author":[{"embeddable":true,"href":"https:\/\/booster-bureaux-labos.com\/index.php\/wp-json\/wp\/v2\/users\/1"}],"replies":[{"embeddable":true,"href":"https:\/\/booster-bureaux-labos.com\/index.php\/wp-json\/wp\/v2\/comments?post=177"}],"version-history":[{"count":5,"href":"https:\/\/booster-bureaux-labos.com\/index.php\/wp-json\/wp\/v2\/pages\/177\/revisions"}],"predecessor-version":[{"id":354,"href":"https:\/\/booster-bureaux-labos.com\/index.php\/wp-json\/wp\/v2\/pages\/177\/revisions\/354"}],"wp:attachment":[{"href":"https:\/\/booster-bureaux-labos.com\/index.php\/wp-json\/wp\/v2\/media?parent=177"}],"curies":[{"name":"wp","href":"https:\/\/api.w.org\/{rel}","templated":true}]}}